7
Let t(m) = m**2 + m - 16. What is t(-6)?
14
Let l(w) = w**3 + 3*w**2 + 3*w + 3. What is l(-2)?
1
Let t(z) = z**2 + 8*z - 20. Calculate t(-12).
28
Let v(w) = -5*w - 3. Determine v(-5).
22
Let a(z) = z**2 - 7*z + 4. Calculate a(13).
82
Let g(p) = -p**3 + 9*p**2 - 11*p + 19. Give g(8).
-5
Let m(k) = 4*k**2 - k + 4. What is m(2)?
18
Let s(z) = -z**3 - 6*z**2 + 4*z + 44. What is s(-6)?
20
Let m(i) = -i**2 + 4*i + 16. Determine m(8).
-16
Let j(q) = 4*q + 46. Give j(-16).
-18
Let r(y) = -y**2 - 12*y - 5. Determine r(-12).
-5
Let u(x) = -9*x - 9. What is u(-7)?
54
Let t(m) = m - 17. Calculate t(19).
2
Let c(d) = -2*d**2 - 8*d + 35. Give c(-10).
-85
Let l(f) = f**3 - 34*f**2 + 35*f - 57. Give l(33).
9
Let k(x) = -18*x - 35. Give k(-1).
-17
Let k(h) = -h**2 - 6*h + 8. Determine k(3).
-19
Let t(c) = c - 18. Determine t(40).
22
Let i(g) = g**2 + 2*g - 89. Give i(9).
10
Let v(b) = b**3 - 3*b**2 + 7*b - 5. What is v(2)?
5
Let q(p) = -5*p + 7. Give q(5).
-18
Let i(t) = t**3 - 6*t**2 - 2*t - 4. Determine i(6).
-16
Let n(h) = h**2 - 8*h + 1. Give n(7).
-6
Let k(i) = -i**3 - 7*i**2 - 3*i - 7. Give k(-6).
-25
Let k(o) = -o - 6. Give k(-6).
0
Let w(y) = 6*y**3 + 3*y**2 - y - 3. What is w(-1)?
-5
Let m(r) = -r**2 + 27*r - 40. What is m(25)?
10
Let y(z) = 12*z - 119. Determine y(0).
-119
Let g(n) = -n**3 + 21*n**2 + 25*n - 47. Determine g(22).
19
Let b(a) = -a**2 + 11*a - 9. What is b(10)?
1
Let z(q) = -q**3 + 9*q**2 - 12*q. What is z(8)?
-32
Let d(b) = -b - 2. What is d(0)?
-2
Let w(i) = -17*i + 103. Give w(7).
-16
Let l(j) = j**3 + 13*j**2 + 24*j + 21. Give l(-11).
-1
Let k(x) = 8*x**2 - 40*x - 6. Determine k(4).
-38
Let a(o) = -o + 2. Determine a(8).
-6
Let u(d) = -2*d**2 + 38*d - 156. What is u(12)?
12
Let r(v) = 5*v + 40. Calculate r(-16).
-40
Let h(p) = 19*p + 106. Determine h(-6).
-8
Let f(p) = 5*p. Calculate f(4).
20
Let c(y) = 30*y + 10. Calculate c(-3).
-80
Let p(d) = -14*d - 34. Determine p(-2).
-6
Let q(a) = -3*a + 1. Give q(-1).
4
Let o(i) = -i**2 + 13*i + 13. Determine o(-5).
-77
Let z(f) = -f**2 - 16*f + 3. Calculate z(-7).
66
Let o(m) = -2*m - 28. What is o(-25)?
22
Let d(w) = w**3 - 12*w**2 + 13*w + 5. Calculate d(10).
-65
Let y(f) = -f**3 - 2*f. Determine y(-2).
12
Let v(l) = 2*l**3 + l**2 - 3*l - 3. Determine v(-2).
-9
Let r(g) = -g**3 - 7*g**2 - 14*g - 49. Calculate r(-6).
-1
Let o(t) = 11*t + 97. Determine o(-9).
-2
Let j(a) = -a**2 + 2*a. Calculate j(4).
-8
Let l(p) = p**3 - 11*p**2 + 15*p + 43. What is l(9)?
16
Let w(b) = b**2 - 12*b + 21. Determine w(4).
-11
Let j(o) = o**3 + 7*o**2 - 9*o - 2. What is j(-8)?
6
Let g(m) = 4*m - 1. Calculate g(1).
3
Let t(v) = -v**3 + 5*v**2 + 4*v - 33. Calculate t(4).
-1
Let b(p) = p**3 + 9*p**2 + 5*p + 7. What is b(-7)?
70
Let r(y) = -y + 6. Give r(-9).
15
Let f(h) = h - 5. Calculate f(8).
3
Let p(g) = -14*g**2 - 1. What is p(-1)?
-15
Let b(n) = -n**3 + 9*n**2 + n - 23. What is b(9)?
-14
Let a(l) = -12*l + 9. Calculate a(-4).
57
Let q(z) = -13*z + 1. Give q(1).
-12
Let a(t) = -t**3 - 9*t**2 + 8*t - 6. Give a(-10).
14
Let s(f) = -f**3 + 5*f**2 - 2*f. Give s(5).
-10
Let r(x) = -2*x. Determine r(4).
-8
Let i(k) = -k**3 + 11*k**2 - 8*k - 9. What is i(10)?
11
Let r(j) = 15*j**3 + 2*j**2 + j. What is r(-1)?
-14
Let x(u) = u - 74. Calculate x(26).
-48
Let y(p) = -2*p**2 + 30*p + 39. What is y(16)?
7
Let k(v) = v + 47. Determine k(0).
47
Let m(r) = r**2 + 7*r - 4. Determine m(8).
116
Let h(c) = -2*c**2 + 10*c - 7. Calculate h(6).
-19
Let q(t) = -t**3 + 12*t**2 - 21*t - 60. Calculate q(9).
-6
Let k(p) = p**2 + 9. What is k(6)?
45
Let r(q) = q**2 + 8*q - 12. Give r(-9).
-3
Let h(i) = -2*i**2 - 39*i - 21. Give h(-19).
-2
Let k(i) = -14*i + 2. Determine k(-1).
16
Let v(f) = -4*f**3 - 8*f**2 + 6*f - 4. What is v(-3)?
14
Let n(a) = -7*a**3 - 3*a**2 + 1. Determine n(2).
-67
Let j(g) = 2*g**3 + 33*g**2 + 16*g - 9. Give j(-16).
-9
Let y(u) = u**2 + 9*u - 16. Determine y(-10).
-6
Let i(b) = 21*b + 5. Determine i(-4).
-79
Let o(s) = s**2 + 9*s + 6. Give o(-8).
-2
Let w(b) = -b**3 + 11*b**2 - 11*b + 10. Determine w(10).
0
Let s(y) = y**3 - 2*y**2 + 3*y + 1. Give s(2).
7
Let a(z) = 9*z + 25. What is a(-3)?
-2
Let h(a) = -14*a**2 - 10*a + 12. Calculate h(1).
-12
Let x(u) = 5*u + 2. Determine x(1).
7
Let w(i) = 18*i**2 + 2. Give w(-3).
164
Let l(c) = -c**3 - 18*c**2 - 18*c - 18. Calculate l(-17).
-1
Let h(t) = -8*t + 3. What is h(-2)?
19
Let t(q) = q**2 - 18*q + 22. Give t(19).
41
Let g(a) = a + 9. Give g(-14).
-5
Let j(c) = -c**2 - c + 8. Determine j(-6).
-22
Let d(n) = 11*n + 202. Determine d(-18).
4
Let h(d) = -d - 9. Calculate h(4).
-13
Let q(f) = -f**3 - 14*f**2 - 7*f + 6. Determine q(-13).
-72
Let h(z) = 73*z**2 + 7*z + 7. Determine h(-1).
73
Let c(h) = h**3 - 11*h**2 - 13*h + 22. What is c(12)?
10
Let g(z) = -z**2 + 4*z - 18. Calculate g(10).
-78
Let z(j) = -75*j + 141. What is z(2)?
-9
Let d(l) = -15*l**3 - l**2 - l - 1. Give d(-1).
14
Let a(u) = -5*u**2 - 6*u + 4. What is a(-3)?
-23
Let d(b) = b**3 + 7*b**2 - 4*b - 6. What is d(-7)?
22
Let w(m) = -6*m + 32. Give w(-6).
68
Let h(k) = k**3 - 4*k**2 - 3*k - 11. Determine h(5).
-1
Let w(j) = 2*j - 18. Calculate w(8).
-2
Let r(q) = -q**2 - 11*q + 7. Calculate r(-12).
-5
Let k(f) = f**2 - 5*f + 10. Calculate k(0).
10
Let y(l) = -l**3 - 10*l**2 + 5. What is y(-10)?
5
Let z(q) = -q**3 - 11*q**2 + 17*q + 27. Determine z(-12).
-33
Let o(i) = -i**3 + 10*i**2 + 6*i + 19. Determine o(10).
79
Let j(i) = -i**3 + 2*i**2 + 3*i. Calculate j(-4).
84
Let y(u) = -13*u + 248. Give y(21).
-25
Let w(i) = 4*i - 21. What is w(8)?
11
Let r(q) = -4*q + 7. Determine r(21).
-77
Let i(c) = c**3 - 11*c**2 - 60*c + 8. Calculate i(15).
8
Let d(y) = -y**3 - 2*y**2. Calculate d(-5).
75
Let q(l) = l**3 + 5*l**2 + 2*l + 8. What is q(-5)?
-2
Let k(x) = 2*x**2 - 16*x + 43. Calculate k(5).
13
Let t(v) = -2*v**3 - 2*v**2 - 5*v - 5. Calculate t(-2).
13
Let o(c) = c**3 + 6*c**2 + 5*c - 1. Determine o(-4).
11
Let l(s) = -3*s + 57. Give l(22).
-9
Let p(s) = -11*s + 2. Give p(3).
-31
Let a(b) = -14*b - 1338. What is a(-95)?
-8
Let t(w) = -w**2 + 4*w + 149. Calculate t(14).
9
Let y(g) = -5*g - 78. Give y(-27).
57
Let y(b) = 3*b**2 - 4*b + 1. Give y(3).
16
Let l(c) = -c**3 + c**2 + 5*c + 5. Determine l(-3).
26
Let u(s) = 2*s - 7. Calculate u(0).
-7
Let q(m) = 2*m**2 + 8*m + 6. Give q(-4).
6
Let g(d) = d**2 + d - 8. Calculate g(4).
12
Let z(q) = -q**2 - 100*q + 513. Calculate z(5).
-12
Let l(z) = -z - 7. Give l(-16).
9
Let j(g) = 2*g - 2. What is j(10)?
18
Let z(v) = 12*v - 30. Determine z(10).
90
Let d(v) = -v**3 + 7*v**2 - 15*v + 48. What is d(6)?
-6
Let f(m) = m**3 - m - 1. Give f(0).
-1
Let x(u) = u**2 + 17*u + 59. Calculate x(-4).
7
Let i(x) = -2*x**3 - 2*x**2 + x + 1. Give i(-2).
7
Let u(k) = -k**3 - 8*k**2 - 5*k - 8. Calculate u(-6).
-50
Let k(n) = 75*n + 618. What is k(-8)?
18
Let m(p) = p**2 - 4*p - 23. What is m(-3)?
-2
Let x(z) = z**3 + 9*z**2 + 5*z - 18. Calculate x(-8).
6
Let i(d) = -d**3 + 8*d**2 - 4*d + 1. Give i(7).
22
Let q(v) = 2*v + 3. Determine q(-5).
-7
Let v(i) = 42*i - 131. Give v(3).
-5
Let n(t) = -4*t**2 - 7*t - 34. What is n(-4)?
-70
Let u(r) = r + 4. Calculate u(-3).
1
Let f(m) = 19*m - 5. Determine f(-8).
-157
Let b(m) = m**2 + 33*m + 37. Calculate b(-32).
5
Let l(g) = -g**3 + 10*g**2 - 15*g - 7. What is l(8)?
1
Let s(k) = k**2 - 12*k - 5. What is s(12)?
-5
Let n(g) = 15*g + 12. Determine n(-5).
-63
Let h(p) = -p**2 - 12*p - 11. Calculate h(-10).
9
Let v(a) = -a**2 - 4*a - 8. Give v(-6).
-20
Let p(d) = -6*d + 92. What is p(14)?
8
Let v(m) = 8*m + 22. Calculate v(-5).
-18
Let a(j) = -j**3 - 6*j**2 - 3*j - 9. Calculate a(-6).
9
Let s(g) = g**3 - 11*g**2 - 8*g - 7. Give s(12).
41
Let c(i) = 5*i**3 + 2*i**2 - 2*i. What is c(-2)?
-28
Let m(n) = -3*n**3 - n**2 - n - 1. What is m(2)?
-31
Let m(z) = -z - 2. What is m(-3)?
1
Let k(x) = x**3 - 16*x**2 + 16*x - 13. Determine k(15).
2
Let j(f) = 2*f - 7. Give j(1).
-5
Let u(a) = -4*a - 26. What is u(-9)?
10
Let t(z) = -z**3 - 3*z**2 - z - 3. Give t(-4).
17
Let x(h) = -2*h**3 - 11*h**2 - 12*h - 17. Give x(-5).
18
Let t(g) = -5*g**2 - 14*g - 11. Determine t(-5).
-66
Let z(o) = 13*o - 800. What is z(61)?
-7
Let u(g) = -g**3 + 27*g**2 + 89*g + 21. Give u(30).
-9
Let q(y) = -y**2 + 4*y + 9. Determine q(8).
-23
Let c(a) = -a**3 - 6*a**2 - a + 4. What is 